 -t*z = -4*f + 144. What are the prime factors of f?
2
Suppose 0 = -5*c - k, 2*c = 4*c + 5*k + 23. Let u(p) = 363*p**2 - p + 2. Let o be u(c). Suppose -2*x - o = -9*x. What are the prime factors of x?
2, 13
Suppose -4*b - 72 = -484. Let t = b + 135. What are the prime factors of t?
2, 7, 17
Suppose 0 = -3*m + v, 1 = 4*m + m - 2*v. Let o(h) be the second derivative of -3*h**5/10 + h**4/12 + h**3/6 + h**2/2 - 8*h. What are the prime factors of o(m)?
7
Suppose 2*q = 7 + 1, 5*s = -4*q - 59. Let t = 37 + s. List the prime factors of t.
2, 11
Let b(u) = 11*u**2 - 27*u + 30. Let k(r) = -5*r**2 + 13*r - 15. Let w(h) = -3*b(h) - 7*k(h). Let f = 7 + -1. List the prime factors of w(f).
3
Suppose -14*g + 19*g + p = 3296, 2*p - 1972 = -3*g. What are the prime factors of g?
2, 3, 5, 11
Suppose -2*l = 15 - 19. What are the prime factors of (10 + l)/((-8)/(-72))?
2, 3
Let k = 215 - 49. List the prime factors of k.
2, 83
Let b = 74 - 52. Suppose -2*g = -48 - b. List the prime factors of g.
5, 7
Suppose 2210 = 19*o - 5542. What are the prime factors of o?
2, 3, 17
Suppose 7 = 4*a - t - 48, a + 4*t - 18 = 0. Suppose 5 = 4*y - 23. List the prime factors of (-1 - -18)/(y/a).
2, 17
Suppose -16*i = -12*i - 668. List the prime factors of i.
167
Suppose 10*p - 5020 = -0*p. What are the prime factors of p?
2, 251
Let h(k) = k + 12. Let u be h(10). Suppose -26*x = -u*x - 216. List the prime factors of x.
2, 3
Let t(h) = h**2 + 14*h + 13. Let u be t(-12). What are the prime factors of (-9)/(-3) - 0 - u?
2, 7
List the prime factors of 546*(126/(-24))/3*-2.
3, 7, 13
Let y be (-54)/(-15)*10/(-3). Let r be 2/y + 250/60. List the prime factors of (r/12)/((-1)/(-27)).
3
Let a(y) = -2600*y + 119. What are the prime factors of a(-1)?
2719
Let k(q) = 2*q**2 - 2. Let j be k(-4). Suppose f + j = 47. What are the prime factors of f?
17
Let u = 4 + 3. Let r(c) = -3*c**2 - 12*c**3 + 6*c**3 - u - c - 5*c + 7*c**3. What are the prime factors of r(5)?
13
Suppose -1720 = -4*s - 2*n, -25*s + 26*s = -4*n + 444. What are the prime factors of s?
2, 107
Suppose 0 = 21*p - 1258 - 5924. List the prime factors of p.
2, 3, 19
Suppose -3*z - 2*d = -3265 - 559, -3*z = -3*d - 3849. List the prime factors of z.
2, 3, 71
Suppose 0 = r - 5*c - 323, -c + 59 = -5*r + 1698. Suppose 4*t + t - r = -3*s, -5*t - 2*s + 332 = 0. What are the prime factors of t?
2, 17
List the prime factors of 1154*(210/(-20))/(-7).
3, 577
Suppose -3*x + 9 = -3. Let s be (14/x - 3)*6. Suppose 5*p + 88 = s*m, 2*p - 84 = -3*m + 5*p. What are the prime factors of m?
2, 13
Suppose 46*u - 50*u + 1392 = 0. What are the prime factors of u?
2, 3, 29
Let l(p) = 58*p**2 + 68*p - 3. What are the prime factors of l(-8)?
3, 5, 211
Suppose 9 = -5*u + 2*u. Let a = u + 6. Suppose 0 = 5*r + 3*p - 285, -a*p + 5*p = -r + 64. What are the prime factors of r?
2, 3
Suppose 0 = -30*k + 23*k + 9205. What are the prime factors of k?
5, 263
Suppose -177*n + 173*n + 420 = 0. What are the prime factors of n?
3, 5, 7
Let f = -149 + 262. List the prime factors of f.
113
Let q be -1 + (1 - -1) + 7. Let y = q + 130. What are the prime factors of y?
2, 3, 23
List the prime factors of (6/8)/(23/1196) + -2.
37
Suppose -87 = 2*n - 25. Let b = n - -156. What are the prime factors of b?
5
Let h(t) = -3*t**2 + 5*t - 26. Let d be h(0). Suppose 3*f - 6*f + 69 = 0. Let p = f - d. What are the prime factors of p?
7
Suppose -3*l - 2 = -11. Suppose 0 = 4*a - 2*u + l*u - 66, -a = 5*u - 26. What are the prime factors of a?
2
Suppose z - 6*z = -60. Suppose 2*b + 0*q = q + z, -q + 18 = 4*b. List the prime factors of (1 - 0)/(b/90).
2, 3
List the prime factors of (91 - 742)*(-11)/3.
7, 11, 31
Let f = 2 - -11. Let c(q) = -q**3 + 14*q**2 - 3*q - 27. List the prime factors of c(f).
103
Let g = -12 + 16. Suppose 2*a - 2*d + 46 = 164, -g*a - 3*d = -208. What are the prime factors of a?
5, 11
Suppose -22 - 8 = -5*c. List the prime factors of (26/c)/(2/6).
13
Suppose 2*r = -10, v - 615 = 4*r + 49. What are the prime factors of v?
2, 7, 23
Suppose -7*d + 4*d - 2*y + 5448 = 0, 0 = -2*d + y + 3632. What are the prime factors of d?
2, 227
Let j(g) = 3*g - 5. Let y be j(0). Let u(f) = 3*f**2 + 2*f - 10. List the prime factors of u(y).
5, 11
Let g(x) = -x**3 + 4*x**2 - 4. Suppose 0 = 4*z + 3 - 23. Suppose -r - 12 = -z*r. List the prime factors of g(r).
5
Let y(x) = -x**2 + 10*x - 9. Let i be y(7). Suppose 7*o - i*o + 35 = 0. List the prime factors of o.
7
Let a(l) = l**2 + 5. Let o be a(0). Suppose 0 = -2*m + 10, 4*n - o*m = n - 25. Suppose 0 = -g + 5*t + 41, -3*g + 3*t + 32 + 31 = n. List the prime factors of g.
2
Let s(m) = -2*m**2 - 19*m + 11. Suppose 2*j + 4*c = -j - 27, -5*j + 4*c = 45. List the prime factors of s(j).
2, 5
Let b(t) = -3*t - 4. Let n be b(-6). Suppose -2*u + z = -50, 2*u = 3*u + 5*z - n. Let p = 43 - u. What are the prime factors of p?
19
Suppose -w + 0 = 3, 2*a = 4*w + 16. Suppose a*t - 2*g = 18, g + 37 = 5*t + 12. Suppose 190 = t*r - 2. What are the prime factors of r?
2, 3
Let k = 120 + 222. List the prime factors of k.
2, 3, 19
Suppose 2*u - 5*q = -0*u - 3, -2*q = -u - 2. List the prime factors of u/(-6) - (5 + 481/(-3)).
2, 3, 13
Suppose 12 = -6*r + 6. List the prime factors of (r - -90)*(3 + (-5 - -3)).
89
Let u = 725 + -437. Let k = u + -155. List the prime factors of k.
7, 19
Let u = -104 + 109. Suppose -3*q = -5*q + 4*i + 282, 2*q - 264 = -u*i. List the prime factors of q.
137
Suppose 9*a = 23373 + 20691. What are the prime factors of a?
2, 3, 17
Let h be (-116)/14 + (-4)/(-14). Let n(w) = w**3 + 7*w**2 - 10*w - 5. Let x be n(h). Let b = 16 - x. What are the prime factors of b?
5
Let z(a) = a**3 + 4*a + 4. Let f be z(-3). What are the prime factors of (f - -13)*(-2 + 0)?
2, 11
Let u(b) be the third derivative of b**6/120 - 2*b**5/15 + b**4/12 - 13*b**3/3 + 4*b**2. What are the prime factors of u(9)?
73
Let x = -5 + 7. Suppose -4*t - 170 = -x*t. Let p = -51 - t. What are the prime factors of p?
2, 17
Let z(k) = 161*k - 10. List the prime factors of z(2).
2, 3, 13
Let u = -10 - -10. Let x be (2 + -3 - u) + 12. List the prime factors of -3 + x + (-3 - -5).
2, 5
Suppose 67*n - 5943 = 60*n. What are the prime factors of n?
3, 283
Let r be -9*(2 + 1 + 1). Let h be (-54)/36*(-4)/6*-3. What are the prime factors of r/(-30)*(-20)/h?
2
Let h be (2/4)/((-18)/432). Let k = h - -13. Suppose -k = -u + 42. List the prime factors of u.
43
Suppose -4*k + k = -3*b - 186, 0 = -5*k + 4*b + 312. What are the prime factors of k?
2
Suppose 0 = 5*m - 21 + 136. Let o = m - -14. List the prime factors of 4/18 + (-196)/o.
2, 11
Let p = -2817 - -4463. What are the prime factors of p?
2, 823
Let b = -67 + 139. List the prime factors of b.
2, 3
Let w(u) = 4*u**3 + 7*u**2 - 9*u + 5. Let j be w(6). Let c = -701 + j. Suppose -x - 5*x = -c. What are the prime factors of x?
61
Suppose 0*w + 1 = -w + 5*q, 5*w - q - 19 = 0. Suppose w*o + 221 = 3*l, 5*l - 5*o + 0*o = 370. Let c = l + -51. What are the prime factors of c?
2, 3
Let g(c) be the second derivative of 3*c**6/20 - c**5/60 + c**3/6 - 3*c**2/2 - 6*c. Let a(x) be the first derivative of g(x). List the prime factors of a(1).
2, 3
Suppose -5*x + 23 = -1002. Let s = 363 - x. List the prime factors of s.
2, 79
Let i = -10 + 14. Let q be 24*(-2)/(i/(-3)). Suppose 5*c - c - q = 0. What are the prime factors of c?
3
Let t be (-430)/(-14) - 14/(-49). Let w = t - -31. List the prime factors of w.
2, 31
Let r be (-7)/(-28) - (-345)/12. Suppose 2*q - 4*q = -286. Suppose 3*x - q + r = 0. What are the prime factors of x?
2, 19
Suppose 5*h - 6*b = -2*b + 816, -3*b - 817 = -5*h. List the prime factors of h.
2, 41
Let o(c) = -5*c**2 - 7*c - 2. Let t be -2 - (1 + 1/1). Let s(l) = 5*l**2 + 8*l + 3. Let k(u) = t*s(u) - 5*o(u). List the prime factors of k(1).
2, 3
Let l = 17 - 17. Suppose a - 2 = -f + 4, l = 2*f - 5*a + 9. What are the prime factors of f/((7/(-3))/(-7))?
3
Suppose 10 = -0*l + 5*l. Suppose 0 = l*f - 164 - 54. What are the prime factors of f?
109
Let z = 257 + 358. What are the prime factors of z?
3, 5, 41
Let n be -1*(54 - 1)*(-4 + -4). Suppose -9*s - n + 1198 = 0. List the prime factors of s.
2, 43
Suppose 167 = 2*b - 231. List the prime factors of b.
199
Suppose 0 = -13*h + 3*h + 280. List the prime factors of h.
2, 7
Suppose 0 = -72*r + 8